{"id":785,"date":"2017-03-23T15:20:23","date_gmt":"2017-03-23T15:20:23","guid":{"rendered":"http:\/\/museulourinha.org\/wordpress\/?page_id=785"},"modified":"2024-12-14T12:27:41","modified_gmt":"2024-12-14T12:27:41","slug":"mesa-da-assembleia-geral","status":"publish","type":"page","link":"https:\/\/museulourinha.org\/en\/geal\/orgaos-sociais\/mesa-da-assembleia-geral\/","title":{"rendered":"Mesa da Assembleia-Geral"},"content":{"rendered":"<h2>Constitui\u00e7\u00e3o da Mesa da Assembleia-Geral<\/h2>\n<p style=\"padding-left: 90px; text-align: center;\"><strong>Vital Ros\u00e1rio<\/strong><br \/>\nPresidente<\/p>\n<p style=\"padding-left: 90px; text-align: center;\"><strong>David Margarido<\/strong><br \/>\nVice-Presidente<\/p>\n<p style=\"padding-left: 90px; text-align: center;\"><strong>Marta Mateus<\/strong><br \/>\nSecret\u00e1ria<\/p>\n<p>Documentos: <a href=\"http:\/\/museulourinha.org\/en\/wordpress\/geal\/orgaos-sociais\/mesa-da-assembeleia-geral\/convocatorias-e-documentos-da-assembleia-geral\/\">Convocat\u00f3rias e documentos aprovados em Assembleia-Geral<\/a><\/p>","protected":false},"excerpt":{"rendered":"<p>Constitui\u00e7\u00e3o da Mesa da Assembleia-Geral Vital Ros\u00e1rio Presidente David Margarido Vice-Presidente Marta Mateus Secret\u00e1ria Documentos: Convocat\u00f3rias e documentos aprovados em[Ler Mais &#8230;]<\/p>","protected":false},"author":8,"featured_media":0,"parent":30,"menu_order":1,"comment_status":"closed","ping_status":"closed","template":"","meta":{"footnotes":"","_links_to":"","_links_to_target":""},"class_list":["post-785","page","type-page","status-publish","hentry"],"_links":{"self":[{"href":"https:\/\/museulourinha.org\/en\/wp-json\/wp\/v2\/pages\/785","targetHints":{"allow":["GET"]}}],"collection":[{"href":"https:\/\/museulourinha.org\/en\/wp-json\/wp\/v2\/pages"}],"about":[{"href":"https:\/\/museulourinha.org\/en\/wp-json\/wp\/v2\/types\/page"}],"author":[{"embeddable":true,"href":"https:\/\/museulourinha.org\/en\/wp-json\/wp\/v2\/users\/8"}],"replies":[{"embeddable":true,"href":"https:\/\/museulourinha.org\/en\/wp-json\/wp\/v2\/comments?post=785"}],"version-history":[{"count":2,"href":"https:\/\/museulourinha.org\/en\/wp-json\/wp\/v2\/pages\/785\/revisions"}],"predecessor-version":[{"id":8011,"href":"https:\/\/museulourinha.org\/en\/wp-json\/wp\/v2\/pages\/785\/revisions\/8011"}],"up":[{"embeddable":true,"href":"https:\/\/museulourinha.org\/en\/wp-json\/wp\/v2\/pages\/30"}],"wp:attachment":[{"href":"https:\/\/museulourinha.org\/en\/wp-json\/wp\/v2\/media?parent=785"}],"curies":[{"name":"wp","href":"https:\/\/api.w.org\/{rel}","templated":true}]}}

<h2>Constituição da Mesa da Assembleia-Geral</h2>
<p style="padding-left: 90px; text-align: center;"><strong>Vital Rosário</strong><br />
Presidente</p>
<p style="padding-left: 90px; text-align: center;"><strong>David Margarido</strong><br />
Vice-Presidente</p>
<p style="padding-left: 90px; text-align: center;"><strong>Marta Mateus</strong><br />
Secretária</p>
<p>Documentos: <a href="http://museulourinha.org/en/wordpress/geal/orgaos-sociais/mesa-da-assembeleia-geral/convocatorias-e-documentos-da-assembleia-geral/">Convocatórias e documentos aprovados em Assembleia-Geral</a></p>

<p>Constituição da Mesa da Assembleia-Geral Vital Rosário Presidente David Margarido Vice-Presidente Marta Mateus Secretária Documentos: Convocatórias e documentos aprovados em[Ler Mais &#8230;]</p>
