{"id":4478,"date":"2018-09-11T17:30:52","date_gmt":"2018-09-11T17:30:52","guid":{"rendered":"http:\/\/museulourinha.org\/?page_id=4478"},"modified":"2018-09-12T16:24:45","modified_gmt":"2018-09-12T16:24:45","slug":"politica-de-privacidade-rgpd","status":"publish","type":"page","link":"https:\/\/museulourinha.org\/en\/politica-de-privacidade-rgpd\/","title":{"rendered":"Pol\u00edtica de Privacidade &#8211; RGPD"},"content":{"rendered":"<p style=\"text-align: justify;\">Para os efeitos previstos no disposto no art.\u00ba 13.\u00ba do Regulamento Geral de Prote\u00e7\u00e3o de Dados (EU) 2016\/679 do P. E. e do Conselho de 27 de abril de 2016 (doravante, RGPD) declaro prestar, por este meio, o meu consentimento para o tratamento dos meus dados pessoais constantes do presentes documento ao GRUPO DE ETNOLOGIA E ARQUEOLOGIA DA LOURINH\u00c3 (GEAL), Pessoa Coletiva de Utilidade P\u00fablica (D.R. II S\u00e9rie n\u00ba 167 de 21\/07\/2000), Contribuinte n\u00ba 501 419 500, com sede na Rua Jo\u00e3o Lu\u00eds de Moura, n\u00ba 95, 2530-157 Lourinh\u00e3, com a estrita finalidade de integra\u00e7\u00e3o na respetiva base de dados para prossecu\u00e7\u00e3o dos seus fins de utilidade p\u00fablica, conforme previsto nos respetivos estatutos, os quais ser\u00e3o conservados e mantidos durante o tempo em que se mantiver a minha rela\u00e7\u00e3o com esta entidade, sendo que, ap\u00f3s, os referidos dados poder\u00e3o ser conservados para efeitos de investiga\u00e7\u00e3o cient\u00edfica ou hist\u00f3rica ou fins estat\u00edsticos, sem limite temporal, desde que anonimizados, pseudonimizados ou cifrados de forma a deixarem de revestir a natureza de dados pessoais para os efeitos da lei.<\/p>\n<p style=\"text-align: justify;\">Mais declaro ter conhecimento de que a indica\u00e7\u00e3o dos meus dados pessoais acima indicados se mostrou requisito necess\u00e1rio para, nos termos do estatutos do GEAL, adquirir a qualidade de associado.<\/p>\n<p style=\"text-align: justify;\">Os dados pessoais cujo tratamento se autoriza pela presente declara\u00e7\u00e3o n\u00e3o poder\u00e3o servir para quaisquer fins de comercializa\u00e7\u00e3o direta ou outros de natureza comercial, incluindo a defini\u00e7\u00e3o de perfis ou para quaisquer outras decis\u00f5es automatizadas e poder\u00e3o ser objeto de portabilidade nos termos do art.\u00ba 20.\u00ba do RGPD.<\/p>\n<p style=\"text-align: justify;\">O GEAL compromete-se a cumprir o disposto na Lei de Prote\u00e7\u00e3o de Dados Pessoais, bem como na demais legisla\u00e7\u00e3o aplic\u00e1vel, designadamente, a n\u00e3o copiar, reproduzir, adaptar, modificar, alterar, apagar, destruir, difundir, transmitir, divulgar ou por qualquer outra forma colocar \u00e0 disposi\u00e7\u00e3o de terceiros os dados pessoais a que tenha tido acesso ou que lhe sejam transmitidos pelo presente documento, sem que para tal tenha sido expressamente autorizado, comprometendo-se a utiliz\u00e1-los exclusivamente para as finalidades determinantes da recolha, abstendo-se de qualquer uso fora do contexto, quer em benef\u00edcio pr\u00f3prio, quer de terceiros.<\/p>\n<p style=\"text-align: justify;\">Mais declaro, nos termos e para os efeitos do disposto nos artigos 13.\u00ba a 22.\u00ba do RGPD, ter tomado conhecimento dos seguintes direitos que me assistem relativamente aos meus dados pessoais constantes da referida Base de Dados:\u00a0<\/p>\n<ol>\n<li style=\"text-align: justify;\">Retirar o meu consentimento relativamente ao tratamento efetuado dos meus dados pessoais;<\/li>\n<li style=\"text-align: justify;\">Opor-me \u00e0 continua\u00e7\u00e3o do tratamento dos meus dados pessoais;<\/li>\n<li style=\"text-align: justify;\">Solicitar ao respons\u00e1vel pelo tratamento dos meus dados pessoais o acesso aos mesmos, bem como a respetiva retifica\u00e7\u00e3o ou apagamento, incluindo o exerc\u00edcio do \u201cdireito a ser esquecido\u201d, e ainda a portabilidade dos dados;<\/li>\n<li style=\"text-align: justify;\">Apresentar queixa \u00e0 CNPD, obtendo, para o efeito, junto do GEAL os contactos da mesma;<\/li>\n<li style=\"text-align: justify;\">Ser informado(a), a pedido, sobre as finalidades do tratamento, as categorias de dados envolvidos, a identidade dos destinat\u00e1rios a quem tenham sido divulgados e o per\u00edodo de conserva\u00e7\u00e3o dos meus dados pessoais;<\/li>\n<li style=\"text-align: justify;\">Ser informado(a) sobre quais os dados pessoais em fase de tratamento e quaisquer informa\u00e7\u00f5es dispon\u00edveis sobre a origem desses dados, por via eletr\u00f3nica, caso n\u00e3o seja o presente documento.<\/li>\n<li style=\"text-align: justify;\">O direito de consulta, acesso, retifica\u00e7\u00e3o, atualiza\u00e7\u00e3o ou elimina\u00e7\u00e3o dos meus dados pessoais disponibilizados, mediante comunica\u00e7\u00e3o, para o efeito, por correio eletr\u00f3nico enviado para o GEAL.<\/li>\n<\/ol>\n<p><img fetchpriority=\"high\" decoding=\"async\" class=\"alignnone size-full wp-image-3674\" style=\"text-align: start;\" src=\"http:\/\/museulourinha.org\/wp-content\/uploads\/2018\/01\/logos_intro_page.png\" alt=\"\" width=\"600\" height=\"167\" srcset=\"https:\/\/museulourinha.org\/wp-content\/uploads\/2018\/01\/logos_intro_page.png 600w, https:\/\/museulourinha.org\/wp-content\/uploads\/2018\/01\/logos_intro_page-300x84.png 300w\" sizes=\"(max-width: 600px) 100vw, 600px\" \/><\/p>","protected":false},"excerpt":{"rendered":"<p>Para os efeitos previstos no disposto no art.\u00ba 13.\u00ba do Regulamento Geral de Prote\u00e7\u00e3o de Dados (EU) 2016\/679 do P.[Ler Mais &#8230;]<\/p>","protected":false},"author":1,"featured_media":0,"parent":0,"menu_order":0,"comment_status":"closed","ping_status":"closed","template":"","meta":{"footnotes":"","_links_to":"","_links_to_target":""},"class_list":["post-4478","page","type-page","status-publish","hentry"],"_links":{"self":[{"href":"https:\/\/museulourinha.org\/en\/wp-json\/wp\/v2\/pages\/4478","targetHints":{"allow":["GET"]}}],"collection":[{"href":"https:\/\/museulourinha.org\/en\/wp-json\/wp\/v2\/pages"}],"about":[{"href":"https:\/\/museulourinha.org\/en\/wp-json\/wp\/v2\/types\/page"}],"author":[{"embeddable":true,"href":"https:\/\/museulourinha.org\/en\/wp-json\/wp\/v2\/users\/1"}],"replies":[{"embeddable":true,"href":"https:\/\/museulourinha.org\/en\/wp-json\/wp\/v2\/comments?post=4478"}],"version-history":[{"count":0,"href":"https:\/\/museulourinha.org\/en\/wp-json\/wp\/v2\/pages\/4478\/revisions"}],"wp:attachment":[{"href":"https:\/\/museulourinha.org\/en\/wp-json\/wp\/v2\/media?parent=4478"}],"curies":[{"name":"wp","href":"https:\/\/api.w.org\/{rel}","templated":true}]}}

Política de Privacidade &#8211; RGPD

<p style="text-align: justify;">Para os efeitos previstos no disposto no art.º 13.º do Regulamento Geral de Proteção de Dados (EU) 2016/679 do P. E. e do Conselho de 27 de abril de 2016 (doravante, RGPD) declaro prestar, por este meio, o meu consentimento para o tratamento dos meus dados pessoais constantes do presentes documento ao GRUPO DE ETNOLOGIA E ARQUEOLOGIA DA LOURINHÃ (GEAL), Pessoa Coletiva de Utilidade Pública (D.R. II Série nº 167 de 21/07/2000), Contribuinte nº 501 419 500, com sede na Rua João Luís de Moura, nº 95, 2530-157 Lourinhã, com a estrita finalidade de integração na respetiva base de dados para prossecução dos seus fins de utilidade pública, conforme previsto nos respetivos estatutos, os quais serão conservados e mantidos durante o tempo em que se mantiver a minha relação com esta entidade, sendo que, após, os referidos dados poderão ser conservados para efeitos de investigação científica ou histórica ou fins estatísticos, sem limite temporal, desde que anonimizados, pseudonimizados ou cifrados de forma a deixarem de revestir a natureza de dados pessoais para os efeitos da lei.</p>
<p style="text-align: justify;">Mais declaro ter conhecimento de que a indicação dos meus dados pessoais acima indicados se mostrou requisito necessário para, nos termos do estatutos do GEAL, adquirir a qualidade de associado.</p>
<p style="text-align: justify;">Os dados pessoais cujo tratamento se autoriza pela presente declaração não poderão servir para quaisquer fins de comercialização direta ou outros de natureza comercial, incluindo a definição de perfis ou para quaisquer outras decisões automatizadas e poderão ser objeto de portabilidade nos termos do art.º 20.º do RGPD.</p>
<p style="text-align: justify;">O GEAL compromete-se a cumprir o disposto na Lei de Proteção de Dados Pessoais, bem como na demais legislação aplicável, designadamente, a não copiar, reproduzir, adaptar, modificar, alterar, apagar, destruir, difundir, transmitir, divulgar ou por qualquer outra forma colocar à disposição de terceiros os dados pessoais a que tenha tido acesso ou que lhe sejam transmitidos pelo presente documento, sem que para tal tenha sido expressamente autorizado, comprometendo-se a utilizá-los exclusivamente para as finalidades determinantes da recolha, abstendo-se de qualquer uso fora do contexto, quer em benefício próprio, quer de terceiros.</p>
<p style="text-align: justify;">Mais declaro, nos termos e para os efeitos do disposto nos artigos 13.º a 22.º do RGPD, ter tomado conhecimento dos seguintes direitos que me assistem relativamente aos meus dados pessoais constantes da referida Base de Dados: </p>
<ol>
<li style="text-align: justify;">Retirar o meu consentimento relativamente ao tratamento efetuado dos meus dados pessoais;</li>
<li style="text-align: justify;">Opor-me à continuação do tratamento dos meus dados pessoais;</li>
<li style="text-align: justify;">Solicitar ao responsável pelo tratamento dos meus dados pessoais o acesso aos mesmos, bem como a respetiva retificação ou apagamento, incluindo o exercício do “direito a ser esquecido”, e ainda a portabilidade dos dados;</li>
<li style="text-align: justify;">Apresentar queixa à CNPD, obtendo, para o efeito, junto do GEAL os contactos da mesma;</li>
<li style="text-align: justify;">Ser informado(a), a pedido, sobre as finalidades do tratamento, as categorias de dados envolvidos, a identidade dos destinatários a quem tenham sido divulgados e o período de conservação dos meus dados pessoais;</li>
<li style="text-align: justify;">Ser informado(a) sobre quais os dados pessoais em fase de tratamento e quaisquer informações disponíveis sobre a origem desses dados, por via eletrónica, caso não seja o presente documento.</li>
<li style="text-align: justify;">O direito de consulta, acesso, retificação, atualização ou eliminação dos meus dados pessoais disponibilizados, mediante comunicação, para o efeito, por correio eletrónico enviado para o GEAL.</li>
</ol>
<p><img fetchpriority="high" decoding="async" class="alignnone size-full wp-image-3674" style="text-align: start;" src="http://museulourinha.org/wp-content/uploads/2018/01/logos_intro_page.png" alt="" width="600" height="167" srcset="https://museulourinha.org/wp-content/uploads/2018/01/logos_intro_page.png 600w, https://museulourinha.org/wp-content/uploads/2018/01/logos_intro_page-300x84.png 300w" sizes="(max-width: 600px) 100vw, 600px" /></p>

<p>Para os efeitos previstos no disposto no art.º 13.º do Regulamento Geral de Proteção de Dados (EU) 2016/679 do P.[Ler Mais &#8230;]</p>
